ded by x(y)?
8
Let y(k) = 3*k - 7. Let o be y(5). Suppose r + o + 13 = 0. Let i = 41 + r. What is the remainder when i is divided by 7?
6
Let v = -12 - -17. Let k(w) = 10*w**2 + w. Calculate the remainder when k(-1) is divided by v.
4
Let o = -44 - -58. Calculate the remainder when o is divided by (-1 - 6/(-4))*16.
6
Let m(i) = -16*i - 11*i - 27*i - 5. Calculate the remainder when m(-2) is divided by 35.
33
Suppose -s = 3*l - 30, 3*s - 3*l - 59 = -17. Calculate the remainder when 33 is divided by s.
15
Let q = 11 + -8. What is the remainder when 5 is divided by q?
2
Let b(n) = 2*n**3 - 16*n**2 + 4*n - 12. What is the remainder when 57 is divided by b(8)?
17
Let p(h) = -h**2 + 16. Let u be p(0). Suppose 0 = 5*v - o - 29, 4*v + o - u = -0*v. Calculate the remainder when 10 is divided by 3/(-3)*(-1 - v).
4
What is the remainder when 24 is divided by (-46)/(-10) + 36/90?
4
Let q(t) = 129*t + 2. Let y be q(1). Suppose 2*h = -41 + y. Calculate the remainder when h is divided by 24.
21
Let n = -208 - -481. Calculate the remainder when n is divided by 46.
43
Suppose 5*g = -4*i + 540, -268 = -2*i - 2*g - 0*g. Suppose 4*y - i = 78. Let j = 33 + -15. What is the remainder when y is divided by j?
16
Suppose 124 - 31 = 3*i. Calculate the remainder when 154 is divided by i.
30
Calculate the remainder when 41 - (-2 - -2)/(3 + 0) is divided by 14.
13
Let h = 4 - 4. Let r = 42 - 2. Suppose -5*t = -4*b + 92, h = 3*b - b - 4*t - r. What is the remainder when b is divided by 15?
13
Suppose -3*j + d + 48 = 0, 0*j = 3*j - 2*d - 45. Suppose 2*l + 5*r = 100, -l + 4*r + 37 = -13. Calculate the remainder when l is divided by j.
16
Suppose 5*o - 15 = 0, -u - 5*o - 24 = -93. Let a(t) = t + 26. What is the remainder when u is divided by a(-7)?
16
Let z(g) = -10*g**3 - g**2. Suppose 2*o = -0*t - t + 1, 0 = 5*t - o - 16. Calculate the remainder when z(-1) is divided by 0*t/(-6) + 5.
4
Let y = 54 - 34. Suppose 0*z - z = -38. What is the remainder when z is divided by y?
18
Suppose 4*j - 2*l - 20 = 7*j, -5*l + 15 = j. Let b = 14 + j. Let x = -2 + 4. Calculate the remainder when b is divided by x.
0
What is the remainder when 31 is divided by ((-22)/2)/((-2)/2)?
9
Let s(f) = -f**3 - 5*f**2 + 6*f. Let y be s(-6). Let k be (y - (-2 + 1))*1. Let r(t) = 24*t**3 + t**2 - t. What is the remainder when r(k) is divided by 13?
11
Calculate the remainder when (-10)/(-3)*-36*3/(-30) is divided by 4.
0
Let v(p) = 7*p - 3. Let z be (-28)/12 - (-1)/3. Calculate the remainder when v(3) is divided by 30/z*4/(-6).
8
Let p(w) = w + 3. Let k be 2*1*1/2. What is the remainder when (-1)/((-1)/k) + 7 is divided by p(0)?
2
Let r = 30 - 27. Suppose -r*s + 67 = -26. What is the remainder when s is divided by 16?
15
Let q = -7 + 20. Let w = q + -8. What is the remainder when 52/6*(-9)/(-6) is divided by w?
3
Let k(b) = -13*b + 1. Suppose 0*m + 5*m = 35. Let t(s) = s - 2. What is the remainder when k(-1) is divided by t(m)?
4
Suppose -2*v - 2*z + 26 + 14 = 0, 3*v - 72 = z. Suppose -2*m + 10 = -0*m. Suppose h = m*b - v - 1, -2*b = -h - 9. What is the remainder when 2 is divided by h?
0
Let z(q) = q**2 + q + 2. Let m be z(9). Suppose d = 5*d - m. Calculate the remainder when (-3)/(-3)*(-2 + 69) is divided by d.
21
Suppose k - 52 = 4*k + 2*u, -4*k - 3*u - 70 = 0. Calculate the remainder when 7 is divided by (21/(-14))/(6/k).
3
Let r = -36 - -57. Suppose 2*s - 2*u - 11 - 7 = 0, -2*s + 15 = -u. Calculate the remainder when r is divided by s.
3
Suppose 2*k - 5 - 25 = 0. Let w(p) = -p**2 + 2*p + 2. What is the remainder when (36/k)/((-4)/(-10)) is divided by w(2)?
0
Let v = -32 + 48. Suppose 86 = 3*l - 0*l + 2*h, 0 = -5*l - 5*h + 140. Calculate the remainder when l is divided by v.
14
Suppose 5*k = -2*k + 1526. What is the remainder when k is divided by 17?
14
Suppose 3*x = 2*n + 7*x - 30, -3*x + 50 = 4*n. Let m = 1 + n. Calculate the remainder when 47 is divided by m.
11
Suppose 3*d = 4 + 29. Calculate the remainder when 30*-2*(-5)/15 is divided by d.
9
Let d(b) be the first derivative of b - 3 + 3/2*b**2 - 2*b**3 + 1/4*b**4. What is the remainder when 55 is divided by d(6)?
17
Suppose 0 = b - 3, b = -z + 2*b + 3. What is the remainder when (2 - -19) + 4 - 3 is divided by z?
4
Let q(i) = i**2 - 14*i - 23. What is the remainder when 25 is divided by q(16)?
7
Let s = -9 - -23. Suppose -4*z = -3*u + 19, 4 = 3*u + 4*z - 7. Calculate the remainder when s is divided by u.
4
Suppose -4*v - 36 = -6*v. Calculate the remainder when 35 is divided by v.
17
Let z = 11 - 7. Let u(c) = -c**3 + 6*c**2 - c + 5. What is the remainder when u(z) is divided by 9?
6
Suppose 5*y - 209 = -3*n + 149, 5*n + 137 = 2*y. What is the remainder when y is divided by 18?
17
Suppose -8 = -2*k - 2*k. Let w be -1 + k - 4/(-4). Suppose 0 = w*a + a - 54. Calculate the remainder when a is divided by 5.
3
Let h(a) = -a**3 - 8*a**2 - 4*a - 3. What is the remainder when 56 is divided by h(-8)?
27
Let k be (10/(-20))/((-1)/(-14)). Let c = -4 - k. Suppose -c*o - 33 = -114. What is the remainder when o is divided by 15?
12
Let r be (-8)/(5/((-5)/2)). Suppose -5*t - 2 + 43 = -2*y, 0 = 2*t + r*y - 2. What is the remainder when t is divided by 5?
2
Suppose -2*v = -3*s + 3*v + 1673, -s - 4*v + 552 = 0. Let i be s/(-14) - 2/7. Let g = -9 - i. Calculate the remainder when g is divided by 8.
7
Let c = -4 - -7. Suppose 0 = 4*t + 2*v + 3*v - 125, -4*v - 55 = -c*t. What is the remainder when t is divided by 9?
7
Let m = -2 - -6. Suppose -4*l = m*d - 87 - 73, -2*d + 65 = -l. Suppose -4*k + 1 = -47. What is the remainder when d is divided by k?
11
Let i = 27 - -28. What is the remainder when i is divided by 14?
13
Let p = -5 + 4. Let z(g) = -22*g + 1. Calculate the remainder when z(p) is divided by 8.
7
Suppose 4*b - 46 = 6. What is the remainder when 20 is divided by b?
7
Let v(j) = 7*j**2 - 13*j + 13. Let n(w) = 6*w**2 - 13*w + 13. Let a(f) = -6*n(f) + 5*v(f). What is the remainder when 91 is divided by a(9)?
22
Calculate the remainder when 39 is divided by 1 + 30/(-6) + 12.
7
Let l be (-20)/(-9) + 6/(-27). Suppose l*c = -3*r + 4*c + 97, -183 = -5*r - 2*c. Calculate the remainder when r is divided by 12.
11
Let l(k) = k + 7. Suppose 5*d - 2 = n - 0, -3*n - 6 = -d. What is the remainder when 25 is divided by l(d)?
4
Let j be -1 + 0 - (-3 + -10). Let z = -6 + j. What is the remainder when 10 is divided by z?
4
Let r(d) = -d + 9. Let h(m) = 3*m**2 + m. Let t be h(1). Suppose -3*i + 19 - t = 0. Calculate the remainder when r(-4) is divided by i.
3
Let h = -1 + 4. What is the remainder when 8 is divided by h?
2
Let g(b) = b**3 + 5*b**2 - 6*b + 3. Suppose -2*z = -4*z + 18. What is the remainder when z is divided by g(-6)?
0
Suppose 5*n = -38 + 143. Calculate the remainder when 38 is divided by n.
17
Let c = 64 + -45. Let p(q) = 6*q**2 + 1. What is the remainder when p(3) is divided by c?
17
Suppose 0 = 5*l - 3*l + 3*n - 21, 0 = -2*n - 10. Calculate the remainder when 43 is divided by (50/(-15))/((-4)/l).
13
Let r be -2*9/6 + 14. Let h = r + -7. Suppose -5*a + x + 122 = 0, -h*a - 3*x + 59 = -2*a. Calculate the remainder when a is divided by 9.
7
Suppose i = 12 + 8. Suppose -i = -4*f, u - 5*f = -19 - 3. Suppose -u*g + 5 = -2*g. What is the remainder when g is divided by 2?
1
Let g be -1 - 1 - -1*10. Let n(d) = -d**2 + 9*d. Calculate the remainder when n(g) is divided by (2/4)/((-7)/(-42)).
2
Let m(p) = -p**3 - 6*p**2 + 2*p + 17. What is the remainder when m(-7) is divided by 19?
14
Suppose -q + 104 = 3*q. Suppose -q = -3*a + a. What is the remainder when 24 is divided by a?
11
Let q be 10/25 + (-253)/(-5). Let k = q + -21. What is the remainder when 58 is divided by k?
28
Suppose 12 = -2*t + 5*g + 88, -3*t + 4*g = -100. Suppose 0*d - 30 = -3*d. Calculate the remainder when t is divided by d.
8
Let u(m) = m**2 - 9*m + 10. Let q be u(8). Suppose -3*t - q*t + 65 = 0. Calculate the remainder when 50 is divided by t.
11
Suppose 50 = 2*c - 5*m, 3*c - 3*m - 106 = -2*c. Calculate the remainder when 39 is divided by c.
19
Let g = -24 + 35. Let w(s) = -31*s. Suppose -5*q + r - 2 = 0, -q - 2*q + 3*r + 6 = 0. Calculate the remainder when w(q) is divided by g.
9
Let v = 146 + 5. What is the remainder when v is divided by 17?
15
Let m(f) = 2*f - 7. Suppose 0 = -0*g + g + 5, -2*l 